{"id":2967,"date":"2024-02-02T22:36:56","date_gmt":"2024-02-02T21:36:56","guid":{"rendered":"https:\/\/motiom.com\/?page_id=2967"},"modified":"2024-02-03T19:32:42","modified_gmt":"2024-02-03T18:32:42","slug":"compromisso","status":"publish","type":"page","link":"https:\/\/motiom.com\/index.php\/pt\/home\/compromisso\/","title":{"rendered":"Compromisso"},"content":{"rendered":"\n<style type=\"text\/css\" data-created_by=\"avia_inline_auto\" id=\"style-css-av-l6aurg70-ca76594683e384c79b301be22f52ad68\">\n.avia-section.av-l6aurg70-ca76594683e384c79b301be22f52ad68{\nbackground-repeat:no-repeat;\nbackground-image:url(https:\/\/motiom.com\/wp-content\/uploads\/2022\/08\/Sostenibilidad-2.png);\nbackground-position:50% 50%;\nbackground-attachment:scroll;\n}\n<\/style>\n<div id='av_section_1'  class='avia-section av-l6aurg70-ca76594683e384c79b301be22f52ad68 main_color avia-section-default avia-no-border-styling  avia-builder-el-0  el_before_av_textblock  avia-builder-el-first  header-sostenibilidad avia-full-stretch avia-bg-style-scroll av-minimum-height av-minimum-height-custom av-height-custom  container_wrap sidebar_right'  data-section-bg-repeat='stretch' data-av_minimum_height_px='400'><div class='container av-section-cont-open' style='height:400px'><main  role=\"main\" itemprop=\"mainContentOfPage\"  class='template-page content  av-content-small alpha units'><div class='post-entry post-entry-type-page post-entry-2967'><div class='entry-content-wrapper clearfix'>\n\n<style type=\"text\/css\" data-created_by=\"avia_inline_auto\" id=\"style-css-av-l6auqoms-81847d18a3225ed25821f6d86db46909\">\n#top .av-special-heading.av-l6auqoms-81847d18a3225ed25821f6d86db46909{\npadding-bottom:10px;\ncolor:#ffffff;\nfont-size:80px;\n}\nbody .av-special-heading.av-l6auqoms-81847d18a3225ed25821f6d86db46909 .av-special-heading-tag .heading-char{\nfont-size:25px;\n}\n#top #wrap_all .av-special-heading.av-l6auqoms-81847d18a3225ed25821f6d86db46909 .av-special-heading-tag{\nfont-size:80px;\n}\n.av-special-heading.av-l6auqoms-81847d18a3225ed25821f6d86db46909 .special-heading-inner-border{\nborder-color:#ffffff;\n}\n.av-special-heading.av-l6auqoms-81847d18a3225ed25821f6d86db46909 .av-subheading{\nfont-size:15px;\n}\n\n@media only screen and (min-width: 480px) and (max-width: 767px){ \n#top #wrap_all .av-special-heading.av-l6auqoms-81847d18a3225ed25821f6d86db46909 .av-special-heading-tag{\nfont-size:40px;\n}\n}\n\n@media only screen and (max-width: 479px){ \n#top #wrap_all .av-special-heading.av-l6auqoms-81847d18a3225ed25821f6d86db46909 .av-special-heading-tag{\nfont-size:40px;\n}\n}\n<\/style>\n<div  class='av-special-heading av-l6auqoms-81847d18a3225ed25821f6d86db46909 av-special-heading-h3 custom-color-heading blockquote modern-quote modern-right  avia-builder-el-1  avia-builder-el-no-sibling  av-inherit-size'><h3 class='av-special-heading-tag '  itemprop=\"headline\"  >COMPROMISSO<\/h3><div class=\"special-heading-border\"><div class=\"special-heading-inner-border\"><\/div><\/div><\/div>\n<\/div><\/div><\/main><!-- close content main element --><\/div><\/div><div id='after_section_1'  class='main_color av_default_container_wrap container_wrap sidebar_right'  ><div class='container av-section-cont-open' ><div class='template-page content  av-content-small alpha units'><div class='post-entry post-entry-type-page post-entry-2967'><div class='entry-content-wrapper clearfix'><section  class='av_textblock_section av-l7ofl6ml-5af3a749c83e2445847b8c2b496f9e19 '   itemscope=\"itemscope\" itemtype=\"https:\/\/schema.org\/CreativeWork\" ><div class='avia_textblock'  itemprop=\"text\" ><h4>A RESPONSABILIDADE COMO ESTRAT\u00c9GIA<\/h4>\n<\/div><\/section><\/p>\n\n<style type=\"text\/css\" data-created_by=\"avia_inline_auto\" id=\"style-css-av-l6aut29f-3aaa444d0a5ced4caffb1651f37180c8\">\n#top .av_textblock_section.av-l6aut29f-3aaa444d0a5ced4caffb1651f37180c8 .avia_textblock{\nfont-size:24px;\ntext-align:justify;\n}\n\n@media only screen and (max-width: 479px){ \n#top .av_textblock_section.av-l6aut29f-3aaa444d0a5ced4caffb1651f37180c8 .avia_textblock{\nfont-size:20px;\n}\n}\n<\/style>\n<section  class='av_textblock_section av-l6aut29f-3aaa444d0a5ced4caffb1651f37180c8 '   itemscope=\"itemscope\" itemtype=\"https:\/\/schema.org\/CreativeWork\" ><div class='avia_textblock'  itemprop=\"text\" ><p>Na MOTIOM asseguramos que toda a equipa est\u00e1 envolvida nos nossos desafios, incentivando o envolvimento coletivo e um sentido de apropria\u00e7\u00e3o com os objetivos e decis\u00f5es da organiza\u00e7\u00e3o.<\/p>\n<p>Entendemos a Log\u00edstica como um pilar fundamental da nossa sociedade, da\u00ed o nosso firme compromisso com as pessoas que nos rodeiam, o ambiente e o desenvolvimento sustent\u00e1vel.<\/p>\n<\/div><\/section>\n","protected":false},"excerpt":{"rendered":"","protected":false},"author":1,"featured_media":0,"parent":2951,"menu_order":0,"comment_status":"closed","ping_status":"closed","template":"","meta":{"footnotes":""},"class_list":["post-2967","page","type-page","status-publish","hentry"],"aioseo_notices":[],"_links":{"self":[{"href":"https:\/\/motiom.com\/index.php\/wp-json\/wp\/v2\/pages\/2967","targetHints":{"allow":["GET"]}}],"collection":[{"href":"https:\/\/motiom.com\/index.php\/wp-json\/wp\/v2\/pages"}],"about":[{"href":"https:\/\/motiom.com\/index.php\/wp-json\/wp\/v2\/types\/page"}],"author":[{"embeddable":true,"href":"https:\/\/motiom.com\/index.php\/wp-json\/wp\/v2\/users\/1"}],"replies":[{"embeddable":true,"href":"https:\/\/motiom.com\/index.php\/wp-json\/wp\/v2\/comments?post=2967"}],"version-history":[{"count":2,"href":"https:\/\/motiom.com\/index.php\/wp-json\/wp\/v2\/pages\/2967\/revisions"}],"predecessor-version":[{"id":3014,"href":"https:\/\/motiom.com\/index.php\/wp-json\/wp\/v2\/pages\/2967\/revisions\/3014"}],"up":[{"embeddable":true,"href":"https:\/\/motiom.com\/index.php\/wp-json\/wp\/v2\/pages\/2951"}],"wp:attachment":[{"href":"https:\/\/motiom.com\/index.php\/wp-json\/wp\/v2\/media?parent=2967"}],"curies":[{"name":"wp","href":"https:\/\/api.w.org\/{rel}","templated":true}]}}